 o(h)?
1
Let w(h) = 10*h**2 + 2*h - 1. Let v be w(-2). Let u = v - 16. What is the tens digit of u?
1
Suppose 0 = 4*v - 0 + 4, 14 = 4*x + 2*v. Suppose 5*l + 3*q - 13 = -5, -3*q = 4*l - x. Suppose -4 = -l*h - 0*h. What is the units digit of h?
1
Suppose -4*k + k + 171 = 0. Let r = k - 22. Suppose 5*p = p - 2*b + 26, 5*p - r = -5*b. What is the units digit of p?
6
Suppose -20 = -5*h - 5. Suppose 5*b - 4*g - 208 = -35, h*b - 93 = -3*g. What is the tens digit of b?
3
Suppose 0 = 3*w - 8*w - 4*l + 493, w = 2*l + 107. What is the units digit of w?
1
Let t = -7 + 12. Suppose 0 = t*s - 135 + 40. What is the units digit of s?
9
Let r be (-1)/((-2)/(-4) - 1). Suppose w + 5*d - 10 = 28, 4 = r*d. Suppose 5*a - a = w. What is the units digit of a?
7
Suppose 3*m - 14 = -5. Suppose -m*o + 52 = -o. What is the units digit of o?
6
Suppose -3*t + t + 68 = 0. Suppose -68 = -4*j + 4*g, 2*j - 3*g - t = g. What is the units digit of j?
7
Let h(x) be the third derivative of x**6/12 - x**3/6 + 3*x**2. What is the units digit of h(1)?
9
Suppose -3*c - 4*a = -177, 4*a + 295 = 2*c + 3*c. Suppose 2*m - 5*m + 29 = 2*i, 4*i = 3*m - c. What is the tens digit of m?
1
Suppose -2*z - 605 = -3*x, -4*x + 805 = -5*z + 2*z. What is the units digit of x?
5
Let z = 10 - 8. Suppose 6*i - 4*f - 31 = 5*i, 0 = 4*i - z*f - 82. What is the tens digit of i?
1
Let b be (2 + 0)/(2/4). Suppose 80 = 2*f - 4*r, -3*f = -b*f - 2*r + 60. Suppose 0 = -g - 4*g + f. What is the units digit of g?
0
Suppose 0 = 2*l - 7*l + 10. Suppose 10 = -l*x, x - 7 = n + 2*x. What is the units digit of n/(-11) - 108/(-11)?
0
Let t = -10 + 6. What is the units digit of (-12)/t - 0/(-1)?
3
Let w = 11 - 7. Suppose 0 = -w*i - 26 - 2. What is the tens digit of 1*26*i/(-14)?
1
Suppose b + 2*x + 3 = 0, 5*b + 0*x - x = 40. What is the units digit of b?
7
Suppose -g + 8 = g. Let l = g + -3. What is the units digit of l?
1
Let h(a) = 26*a**3 + a**2 + 4*a - 6. What is the units digit of h(2)?
4
Let b = -31 + 45. What is the units digit of 4/(-10) + b/10?
1
Let g = -62 - -64. What is the units digit of g?
2
Suppose -4*c - 26 = -5*j, -17 + 7 = 3*c + j. What is the units digit of 12*(-1 - 6/c)?
6
Let v = 14 + -9. Suppose -2*t - 4 = -4*m, 2*t = -m + t + 1. What is the units digit of (m + 0)*1*v?
5
Let j be (8/5)/((-5)/(-100)). Let b = j - 17. What is the tens digit of b?
1
Let o = 5 - -110. What is the tens digit of o?
1
Let m = 4 - 1. Suppose -5*t + 70 = -5*s, 0 = -5*s + t - m*t - 35. Let b = s - -12. What is the units digit of b?
3
Suppose 1 = -2*i + 31. Let b = 28 - i. What is the tens digit of b?
1
Let m(u) = -5*u - 5. What is the units digit of m(-17)?
0
Let w(p) = -p. Let l be w(-7). Suppose 4*x = -3*r - 1, 2*x + 3*x + r = l. What is the units digit of x?
2
Suppose -f + 34 = 4. What is the tens digit of f?
3
Let n = -154 - -222. What is the tens digit of n?
6
Suppose 4*f - h + 57 = 0, 4*h + 2 - 6 = 0. Let k = f - -29. What is the tens digit of k?
1
Let r = -18 - -25. Suppose -y = -4*w + 1, r = 3*y - 2*y + 4*w. Let f = 6 - y. What is the units digit of f?
3
Let j be (-25)/(-10)*16/10. Suppose -c + 4*r = r + 13, 0 = -4*r - j. What is the units digit of ((-24)/c)/((-6)/(-8))?
2
Let z(u) = u + 1. Let g be z(6). Let j be ((-3)/6)/(3/24). Let o = g + j. What is the units digit of o?
3
Let j be 8/(-20) + 12/5. Suppose -3*z - 3*i = j*i + 1, 0 = -4*z + 2*i + 16. What is the units digit of z?
3
Let n be (5/((-5)/(-4)))/(-1). Let f be n/(1 - -1)*-1. Suppose -f*b + 16 = 4. What is the units digit of b?
6
Suppose -w = 5*v + 2*w - 372, -v + 79 = -4*w. What is the tens digit of v?
7
Suppose 0 = -2*l - 3*l + 360. Suppose -4*m + l = -144. Suppose -m = -r - 2*r. What is the tens digit of r?
1
Suppose -4*k - 1 = -3*a + 3, -4*k - 4*a - 4 = 0. Let z = 7 - k. What is the units digit of z?
8
What is the tens digit of 50*-1*6/(-4)?
7
Let t(r) = -r + 6. Let h be t(4). Let z = h - 5. Let x(o) = 2*o**2 + 4*o + 2. What is the units digit of x(z)?
8
Let l be 56/21 + (-2)/(-6). Let n(q) = 2 - l*q + 4*q - q + q. What is the units digit of n(7)?
9
Suppose 0 = -5*d + 15 + 15. What is the units digit of d?
6
Suppose 0*v = -3*v + 6. Suppose -3*n + 4*h - 14 = 0, 2*h - 3 = n + 5. Suppose 22 = 4*j - 2*i, 6*i = v*j + n*i - 14. What is the units digit of j?
5
Let s(p) = -4*p - 2. Let b be s(3). Let m be 62/(-3) + 1/(-3). Let u = b - m. What is the units digit of u?
7
Let f be (-2)/(-8) - 3/12. What is the units digit of 32 - 2 - (f + 2)?
8
What is the tens digit of 2*2/(-6)*(-2241)/18?
8
Let w(k) = -13*k - 9. Let y = -31 - -27. What is the units digit of w(y)?
3
Let r be (-5)/(-2)*12/6. Suppose 2*d - r = p - 13, -3*p + d + 19 = 0. What is the units digit of ((-2)/p)/(2/(-6))?
1
Let v = -2 + 3. What is the units digit of v?
1
Let w(h) = -h**2 - 12*h - 7. Let g(m) be the third derivative of 3*m**4/8 - m**3/6 - 2*m**2. Let o be g(-1). What is the tens digit of w(o)?
1
Let f(g) = -12*g - 7*g**3 + 6*g**3 - 4 + 0*g - 11*g**2. What is the units digit of f(-10)?
6
Let k(h) be the third derivative of -h**5/60 - h**4/12 - 7*h**3/6 + h**2. Let w be k(-7). What is the units digit of (w/3)/(-1) - -3?
7
What is the units digit of -4 - 498/(-6) - (-3)/1?
2
Let r be -1 - 2*-3*1. Suppose 3*v = -3*t + 39, 2*t = r*t - v - 31. What is the units digit of t?
1
Suppose -4*n = -4, -2*n = 3*u + n - 33. Let j(k) = k**3 - 9*k**2 - 8*k - 7. What is the tens digit of j(u)?
1
Suppose -4*r = -0*r - 8. Suppose 3*y - 2*x - 6 = -2, 3*y - 4*x = 2. Suppose -y*f = -o - 16 - 0, 4*o = -r*f - 4. What is the units digit of f?
6
Suppose -4 = -b + 1. Let o be (-2)/8 + (-74)/(-8). Let z = o - b. What is the units digit of z?
4
Let o = 5 - 2. Suppose 6*a - o*a = 39. What is the tens digit of a?
1
Let y(c) = -10 + 0 - c**2 + 8*c + c. Let r = 13 + -6. What is the units digit of y(r)?
4
Suppose -42 = -j - j - 4*f, -f + 69 = 5*j. Suppose 3*k - g = 4*k - j, 0 = 3*k - 3*g - 15. Let y = -3 + k. What is the units digit of y?
6
Let x(y) = -y**3 + 5*y**2 - 4*y + 4. Let c(i) = -i**3 - 6*i**2 + 8*i + 10. Let v be c(-7). What is the units digit of x(v)?
0
Let v be 3 + (0 - (-1 + 3)). Suppose 4*h = -5*u + 139, u + 4*h - 16 + v = 0. Let m = -12 + u. What is the units digit of m?
9
Let a(o) = -o**3 + 11*o**2 - 5*o - 13. What is the tens digit of a(10)?
3
Let p(q) = q**2 - q - 3. Let x be p(3). Suppose i - 56 = -x*i. What is the tens digit of i?
1
Let f(j) = 9*j**2 - 3*j - 1. Let d be f(-2). Let l = 59 - d. Suppose 5*q - 12 = l. What is the units digit of q?
6
Let z = 3 - 0. Let h be 5 - (-2 + z)*2. Suppose 0 = -q - 1, -4*v + 0*v + 23 = -h*q. What is the units digit of v?
5
Suppose 5 + 3 = 4*m. Suppose m*a - 16 = -4. Let u = a - 2. What is the units digit of u?
4
Suppose 0 = 4*g - 460 - 200. Suppose k - g = -4*k. Let y = k + -23. What is the units digit of y?
0
Suppose 0 = -5*n - 4*l + 2, -2*n + l + 4*l = -14. Suppose 55 = 2*r + n*y + 3, 0 = 4*r - y - 104. What is the units digit of r?
6
What is the units digit of 18/((-23)/(-66) + 13/(-78))?
9
Suppose -2*d + 5*d - 5*s = 23, -5*d + s + 9 = 0. Let t(o) = 2*o + 2 - 1 + d. What is the units digit of t(3)?
8
Let g(t) = t**2 - 2*t + 3. Let c be g(-5). Suppose -4*p - j - 64 = 0, 4*p = j - c - 26. What is the units digit of p/3*3/(-2)?
8
Let o be (-2)/8 + 73/4. Let v = o + -9. Let i = 22 - v. What is the tens digit of i?
1
Let v = 123 - 77. What is the units digit of v?
6
Suppose -38 - 12 = -5*q. Suppose -4*j + q = -2*f, -3*f = 2*j + f. Suppose -3*z - j*z = -65. What is the tens digit of z?
1
Let a(z) = -z**3 + z**2 - z + 12. Let i be a(0). Let k = 58 - i. What is the tens digit of k?
4
Let y = 4 + -3. Let g(p) = -p**3 + 2*p**2 - 2*p + 1. Let k be g(y). Suppose k*n - 36 = -4*n. What is the units digit of n?
9
Suppose -5*d - 17 = -3*i - 56, -26 = -4*d + 5*i. Suppose 0 = t - d - 3. What is the tens digit of t?
1
Let p = 1 + 3. Suppose -p*t + 3*l = -39, l + 14 = -4*t + 65. What is the tens digit of t?
1
Suppose -3*s - 131 = -4*o, 3*o = 7*o + 3*s - 125. Let d = o - 17. What is the tens digit of d?
1
Let i be (-2)/9 - 130/(-18). Let n = i + -1. What is the units digit of (-4)/8 - (-9)/n?
1
Let p = 144 + -54. What is the units digit of p?
0
Let q(m) = 41*m - 1. Let o be q(-1). Let y = -28 - o. What is the tens digit of y?
1
Suppose v - 2*c + 1 = -1, -3*c = 2*v - 31. Let d be (-2 + 0